6)/92.
17, 521
Let r(l) = l - 4. Let w be r(5). Let p(j) = 11*j + 9 + 202*j - 11 - 4. What are the prime factors of p(w)?
3, 23
Suppose -19*o + 16456 + 28840 = 0. List the prime factors of 1/(-3) + o/6.
397
Suppose -27*n - 50 = 4. What are the prime factors of (3 + n + -2)*(-2041)/13?
157
Suppose -o - 2*u = u - 12678, 0 = 10*o + u - 126867. List the prime factors of o.
3, 4229
Suppose -7*u - 671 - 1289 = 0. Let d = u - -691. What are the prime factors of d?
3, 137
Let s be 54275/(-52) - 14/(-8). Let v = -638 - s. What are the prime factors of v?
2, 101
Let i(c) = c**3 - 4*c**2 + 166*c + 39525. List the prime factors of i(0).
3, 5, 17, 31
Suppose 14537263 = -285*w + 766*w. What are the prime factors of w?
30223
Let f(n) = n**3 - 77*n**2 - 165*n + 594. What are the prime factors of f(81)?
3, 499
Let h be 1*(0 + 1)*332. Let z be 478/10 + (-24)/30 - 1. Suppose -h = z*i - 50*i. What are the prime factors of i?
83
Let l = 9277 + -6322. Suppose 2*d - 1111 = -m + 71, 4*m - l = -5*d. What are the prime factors of d?
3, 197
Let f(k) = -2*k**3 + 30*k**2 + 9*k + 7. Let d be f(15). Let q be 42/(18/8 + -3). Let v = q + d. What are the prime factors of v?
2, 43
Let n(f) = 1396*f - 15. Let h(w) = -w**3 + 41*w**2 + 281*w + 48. Let j be h(47). What are the prime factors of n(j)?
1381
What are the prime factors of (304 - 3)*((-702)/(-14) + (-30)/10)?
2, 3, 5, 11, 43
Let y = 83 - 78. Suppose 0 = -7*r + y*r + 8. Suppose -5*g - 9*m + 6*m + 814 = 0, r*m = -8. List the prime factors of g.
2, 41
What are the prime factors of (7/3)/((-108)/(-443556))?
7, 37
Suppose 4*t - 5*f - 166 = -3*f, 0 = t + f - 49. Let z = -41 + t. Suppose z*a + 4*j - 291 = 0, -5*a - 2*j = -0*a - 499. List the prime factors of a.
101
Let h(f) = 50*f**3 - 5*f - 3. Let u be h(-1). List the prime factors of u/(-8) + (139 - -3).
2, 37
Let y(c) = 75*c**2 - 235*c - 35. List the prime factors of y(12).
5, 7, 227
Suppose i + 50 = 2*y, -5*i + 2*i - 115 = y. Let q be i/(-8) + 1*-4. List the prime factors of -2 + 204 + (0 - -2) + q.
5, 41
Let t(f) be the second derivative of -f**5/10 - 5*f**4/6 + f**3/6 + 7*f**2/2 + 21*f. Let y be t(-5). What are the prime factors of 6/(-42) + 1066/14 + y?
2, 3, 13
Suppose -3*u - 206*t + 201*t = -31029, 5*u = 4*t + 51678. List the prime factors of u.
2, 3, 1723
Suppose 0 = 6*i - 10*i + 2*u + 7490, -10 = 2*u. Let d = i + -1051. What are the prime factors of d?
3, 7, 13
Let a = -538 - -550. Suppose -a*z + 53 = l - 11*z, -41 = -l - 5*z. List the prime factors of l.
2, 7
Suppose -17534 = -t - 229*b + 232*b, 4*t - b - 70191 = 0. List the prime factors of t.
7, 23, 109
What are the prime factors of ((-243)/6)/((-8)/368)?
3, 23
Suppose -4*f + f = -g + 561, -1696 = -3*g - 4*f. Suppose 2*j - 1704 + 586 = -4*c, 2*c - 4*j - g = 0. Suppose -5*b = -b - c. What are the prime factors of b?
2, 5, 7
Suppose 97 = 4*m - 5*d, 0 = m - d + 2*d - 13. Suppose -m*c + 5191 = -389. List the prime factors of c.
2, 5, 31
Let i(h) = -6*h**2 + 7*h - 12. Let o(g) = -g**2 - g - 1. Let v(b) = -i(b) - 2*o(b). List the prime factors of v(11).
3, 103
Suppose -4*o = -a - 459, 3*o = 2*a + 198 + 140. List the prime factors of (-5)/4 - (-65801)/o.
2, 283
Suppose 59 + 22 = 3*m. Let h be 3*-1 - (-1 - -3). Let a = m - h. List the prime factors of a.
2
Let h = 142 - 150. Let d(c) = 4*c**2 + 19*c + 30. List the prime factors of d(h).
2, 67
Let g = -8030 - -15106. What are the prime factors of g?
2, 29, 61
Let y(z) be the third derivative of -1/4*z**4 + 1/5*z**5 + 2/3*z**3 + 0 - 32*z**2 + 0*z. List the prime factors of y(4).
2, 43
Let c(p) = 23*p - 11. Let o be c(1). Suppose 21 = 4*n + 9. List the prime factors of 2*n*(16/o)/2.
2
Let k = 97 + -94. Suppose -k*l + 248 = -19. What are the prime factors of l?
89
Let v be (14 - 12)/(2/3). Suppose -34*c + 36*c = 4, 5*l - v*c = 5729. What are the prime factors of l?
31, 37
Let b(c) = 59144*c - 1029. What are the prime factors of b(1)?
5, 59, 197
Let f(p) be the second derivative of -p**5/20 + 5*p**4/4 + 7*p**3/6 - 2*p**2 - p + 3. List the prime factors of f(12).
2
Let m = -1672 - -1674. Let d be 9*-1*(-8)/12. Suppose -14 = -d*s - m. What are the prime factors of s?
2
Let a = 9365 + -5269. Suppose -150*h + 158*h = a. List the prime factors of h.
2
Suppose -3*q + 12 = -o, -4*q - 2*o = o - 29. Suppose 0 = r + 4, 0 = -q*m + 4*r - 7*r + 3. Suppose -m*j + 117 = -93. What are the prime factors of j?
2, 5, 7
Let d(x) = -x**2 + 10*x - 12. Let p be d(9). Let m be ((-16)/20)/(p/15). Suppose -m*n - 35 = -43. What are the prime factors of n?
2
Let y = 656 - -1811. Suppose 0 = 8*b - 1869 - y. What are the prime factors of b?
2, 271
Let g(l) = -l**2 - 7*l - 7. Let t be g(-5). Suppose -t*k - 10 = -2*s, 2*s + 0*k - 10 = -2*k. List the prime factors of 2*((-2)/s)/((-16)/1340).
67
Suppose 5*z + 249725 = 4*c, 11*z = c + 13*z - 62441. What are the prime factors of c?
5, 12487
Let n = -29 - -39. Let i = 89 - 59. Suppose n*f = 9*f + i. What are the prime factors of f?
2, 3, 5
Let g(f) = -f**2 + 79*f + 80. What are the prime factors of g(67)?
2, 13, 17
Let y(b) = -833*b - 13. Let u be y(3). List the prime factors of 2/(-1)*u/16.
2, 157
Let y(x) = -x**3 + 16*x**2 + 4*x + 14. Let p(a) = -a**3 + 17*a**2 + 4*a + 13. Let l(d) = -3*p(d) + 4*y(d). What are the prime factors of l(11)?
3, 101
Let w = -136 - -304. List the prime factors of w/(-70)*(-135)/2.
2, 3
Let x = 49424 - 12291. What are the prime factors of x?
71, 523
Suppose 5*l = 3*l - 12. Let g be (8/(-6))/(2/l). Suppose -3*i - 2*x = -331, 3*i + g*x - 436 = -i. List the prime factors of i.
113
Suppose 0 = 3*q + 20085 - 4068. List the prime factors of (q/38)/((-2)/20).
5, 281
Let p(c) = c - 23. Let m = 40 - 60. Let v be p(m). Let h = 96 + v. List the prime factors of h.
53
Let t(r) = 4*r + 31. Let b be t(-7). Suppose 0 = -b*a + 2*s + 25, 10 = s - 3*s. Suppose 3*m - m + f = 313, -a*m + 2*f = -778. List the prime factors of m.
2, 3, 13
Let w = 77 + -23. Let z = 57 - w. Suppose -2*p + 4*a + 35 = -83, -161 = -z*p + 2*a. What are the prime factors of p?
3, 17
Let f(j) = -j**3 - 4*j**2 + 11*j - 8. Let w be f(-6). Let r be (1 + -3)/w + 19. Suppose -4*m + 12 = -r. What are the prime factors of m?
2
Suppose 380*d = 152*d - 164*d + 4676560. List the prime factors of d.
2, 5, 1193
Suppose -c - 3*c - 3*y = -79777, -c + 19933 = 3*y. List the prime factors of c.
2, 4987
Let r be 736 - (3 - (-1 - 1)). Suppose 3*p - 190 = r. What are the prime factors of p?
307
Let v be (-546)/(-10) + 118/295. What are the prime factors of (v/(-20))/11 + 3093/4?
773
Let h = -17005 - -29446. What are the prime factors of h?
3, 11, 13, 29
Let w = 0 + 1. Suppose -k = 2*g + w - 3, 0 = 2*g - 5*k + 10. Suppose 0 = -4*p - 2*t + 362, 5*p = -g*p - t + 454. List the prime factors of p.
7, 13
Let c(m) = m - 6. Suppose 3*t + 10 = 4*t - 5*y, -4*y - 24 = -4*t. Let k be c(t). What are the prime factors of k*(1 - 36) + 4?
3, 13
Suppose 0 = -2*t - 2*z + 3933 + 1653, -4*t - 2*z + 11178 = 0. List the prime factors of t.
2, 3, 233
Suppose -8*d - 5470 = -13*d. Suppose c = 4*u + 365, 5*c + 5*u - 2794 + d = 0. List the prime factors of c.
3, 5, 23
Suppose 307713 = 101*m - 90*m + 5*c, 4*m + 3*c - 111898 = 0. List the prime factors of m.
11, 2543
Let i(a) be the third derivative of -a**5/60 - a**4 + 31*a**3/3 + a**2. Let m be 1/(-4) - (-891)/(-36). What are the prime factors of i(m)?
37
Let d be -188 + ((-2)/(-5))/((-5)/25). Let r = d + 243. List the prime factors of r.
53
Let y(v) = 26*v - 83*v + 30 - 77*v - 8*v + 20*v. List the prime factors of y(-2).
2, 137
Let l = -263 + 279. Suppose -7183 - 14721 = -l*a. List the prime factors of a.
37
Let c(f) = -31*f - 30*f + 86*f - 26*f**2 - 28*f + 745*f**3 - 747*f**3 - 12. Let i(m) = -2*m**2 + 3*m - 4. Let b be i(3). What are the prime factors of c(b)?
3
Let f(z) = -2*z**2 - 23*z + 14. Let v be f(-12). Suppose 3*s + v = 8. Suppose s*u + 14*u - 3680 = 0. What are the prime factors of u?
2, 5, 23
Suppose -46*o = -49*o + 48. Suppose 3*g - 700 = -4*n, -10*g + 6*g = o. What are the prime factors of n?
2, 89
Suppose -5*x - v - 4956 = 0, x + 1004 = -3*v + 6*v. Let c = -482 - x. List the prime factors of c.
2, 3, 5, 17
Suppose -213458 = -26*j + 401676. What are the prime factors of j?
59, 401
Suppose 40*m - 3*z = 45*m - 473539, -3*m + 3*z = -284133. What are the prime 